he greatest common factor of a and 56.
14
Suppose 4*m + 23 = 2*z - 3, z - 17 = m. Let u be 64/11 + 10/55. Let r = -3 + u. Calculate the greatest common divisor of r and z.
3
Let v be ((-90)/60)/((-3)/44). Suppose -875 = 17*t - v*t. Calculate the greatest common divisor of t and 35.
35
Let m be (5 - 4)*(-420)/(-10). Calculate the highest common divisor of m and 1995.
21
Suppose 12*b = 7*b + 20. Suppose 4*q - b = h, -3*h - 2*q = -q - 27. Suppose a + h*s - 5 = 3*s, -85 = -2*a + 5*s. What is the highest common factor of 75 and a?
15
Suppose 0 = 4*i + 3*d - 96831, 24204 = i + 7*d - 5*d. Calculate the greatest common divisor of i and 45.
45
Let y = 2068 + -2046. Calculate the greatest common factor of 3014 and y.
22
Let u(t) = -t**3 - 4*t**2 - 12*t - 34. Let f be u(-11). Calculate the highest common factor of f and 225.
45
Let a = -47 + 43. Let t be 31 - (-4 - a - 2). Calculate the highest common divisor of 44 and t.
11
Let f be 8/(2/(-14)*238/(-340)). Let g = -90 + 34. Let v = g + f. Calculate the greatest common divisor of v and 3.
3
Suppose 8*y - 232 - 2713 - 3479 = 0. What is the greatest common divisor of 33 and y?
11
Let h = -2249 - -2421. Calculate the highest common factor of 731 and h.
43
Let g(l) = 3*l**3 + 33*l**2 + 30*l + 13. Let s be g(-10). Calculate the greatest common factor of s and 27677.
13
Let j = -698 - -834. What is the highest common factor of 1139 and j?
17
Let n = 55 + 3. Let z be (1 - 2) + 5*4/10. Let r be 1/z - (-430)/5. What is the greatest common divisor of r and n?
29
Let k(s) = -2*s**3 + 118*s**2 + 283*s - 10. Let u be k(61). What is the highest common divisor of 92 and u?
23
Suppose 5212 = -28*a + 37468. What is the greatest common factor of 60 and a?
12
Let s be (23/(-3) - 2)/((-1)/39). Suppose 1275 = 4*x - s. Calculate the greatest common factor of x and 118.
59
Suppose x - 1596 = -2*x. Suppose -2*p = -2*a - 142, -176 + x = 5*p - 4*a. Let g be (8/5)/(3/15). What is the greatest common factor of g and p?
8
Suppose -2*v - 5*b - 620 = 0, -2*v + v = -2*b + 319. Let h be (v/20)/(7/(-56)). Calculate the greatest common factor of 28 and h.
14
Let p(u) = u + 5. Let b be p(10). Let g be -6 - (7 - 3)/(-4). Let s be (-3)/g + (-94)/(-10). Calculate the highest common factor of s and b.
5
Let y be 40 + (3/(-1) - -4). Let u = y - 39. Suppose -u*x + 22 = -132. What is the greatest common factor of x and 11?
11
Let b(m) = 12*m**2 + 34*m + 169. Let u(l) = -7*l**2 - 17*l - 85. Let n(x) = -4*b(x) - 7*u(x). Let c be n(23). What is the greatest common factor of 19 and c?
19
Let x = 7119 - 3919. Calculate the greatest common divisor of x and 250.
50
Suppose 18 + 10 = 4*k. Let h(z) = -7*z + 51. Let r be h(k). What is the highest common factor of 9 and r?
1
Suppose -4*z + 2 = -14. Let t = -40564 - -40584. Calculate the highest common factor of t and z.
4
Let q(j) be the first derivative of 2*j**3/3 + 3*j**2/2 - 73*j - 18. Let p be q(-7). What is the greatest common factor of 22 and p?
2
Let h be 11/55 + 48/10 + 27. Calculate the greatest common divisor of 1000 and h.
8
Let x be (-4767)/(-15) - 11/(-55). Suppose -5*d - 5*f + f = -x, d - 56 = 3*f. What is the highest common factor of d and 2?
2
Suppose -3*f - 145 + 127 = 0, h - 435 = -f. Calculate the highest common factor of 153 and h.
9
Suppose 36299*z - 36323*z = -167760. Calculate the highest common divisor of z and 30.
30
Let s = 18 + 80. Suppose -15*n = -s - 652. What is the greatest common divisor of n and 375?
25
Suppose 94*y - 2644338 + 846024 = 0. Calculate the greatest common divisor of 21 and y.
21
Let k = 8093 - 6965. Calculate the highest common divisor of 48 and k.
24
Suppose 0 = 4*n - n + 2*x - 1384, 3*n + 3*x = 1389. Suppose -178 - n = -2*u. Calculate the highest common divisor of 6 and u.
6
Suppose -9*r = -m - 2619, -2*r - r + 2*m = -873. What is the highest common divisor of 1552 and r?
97
Suppose -2*z + 420 = 2*z. Let j(q) = 2*q**2 + 10*q - 37. Let s = -278 + 269. Let y be j(s). Calculate the greatest common factor of z and y.
35
Let c = 87 + -33. Let d be 2/(-17) + 11 + (-6597)/(-153). Calculate the highest common divisor of d and c.
54
Suppose -26*f - 8*f = -1904. What is the greatest common factor of f and 1484?
28
Let k(z) be the third derivative of -z**5/60 + 7*z**4/6 + 23*z**3/6 - 123*z**2. Let i be k(28). What is the highest common divisor of 253 and i?
23
Suppose 450 = 111*n - 36*n. Calculate the highest common factor of n and 702.
6
Let v(h) = 19*h**3 + 2*h. Let r be v(2). Let t be (-3)/6 + 171/(-2). Let j = r + t. Calculate the greatest common factor of 10 and j.
10
Let i = -45 - -49. Suppose -3*h - 64 = -i*d, -2*h - 19 = -5*d + 12. Let z = 50 + h. Calculate the highest common divisor of 22 and z.
22
Let v(r) = -4*r**3 - 6*r**2 - 5*r - 15. Let n be v(-4). What is the highest common factor of n and 135?
15
Let p(k) = 84*k + 184. Let d be p(-2). Suppose 4*c - 32 - 96 = 0. Calculate the highest common divisor of d and c.
16
Suppose -27*t = -31*t + 368. Suppose -14592 = -84*f - 3000. Calculate the greatest common factor of t and f.
46
Let z be -273*(-1)/(7/14). Let r = 609 - z. What is the greatest common divisor of 504 and r?
63
Suppose 4*t = -5*b + 1486 + 544, 0 = -t. What is the greatest common factor of b and 551?
29
Suppose 0 = 31*k - 71*k + 28200. What is the highest common divisor of 141 and k?
141
Let x = -6620 - -6852. Calculate the highest common divisor of 12 and x.
4
Let u(l) = -58*l + 609. Let h be u(-13). Calculate the greatest common factor of h and 94.
47
Let z = 32479 - 32430. Let q(l) = l**2 + 2*l + 6. Let b be q(-4). What is the greatest common divisor of b and z?
7
Suppose 0 = -o + 2*u + 68, 0 = -10*o + 9*o - u + 56. Suppose 49*v - 46*v = o. What is the greatest common divisor of 20 and v?
20
Let s(n) = 6*n**2 - 63*n + 722. Let b be s(10). What is the highest common factor of 2941 and b?
173
Suppose 2*t - n = 54, -14*t = -11*t + 4*n - 59. What is the highest common factor of t and 6400?
25
Let j(r) = 4*r**3 - 2*r**2 + r - 4. Let u be j(2). Let x = 22 - u. Suppose -2*g + 120 = -x*b + 4*b, 0 = -2*b. Calculate the highest common factor of g and 24.
12
Let x(d) = -3*d**3 - 89*d**2 + 122*d - 10. Let o be x(-31). What is the greatest common divisor of 2977 and o?
13
Let n be -1 + (-226)/10 - 10/25. Let f = n - -18. Let l be 26 - (-2)/(-2 - (3 + f)). What is the highest common factor of 7 and l?
7
Suppose -588 = -348*b + 344*b + 4*z, -2*z = -5*b + 735. Calculate the greatest common factor of b and 21.
21
Suppose 24 = -0*k + 3*k. Let m be (5 + -1)/((-3059)/(-52003)). What is the highest common divisor of m and k?
4
Suppose 4*k + 205 = -395. Let c be k/(-24) + (-3)/(-4). Let v = -912 + 961. What is the highest common divisor of v and c?
7
Let j(r) = -15*r**2 - 8*r + 10. Let y be j(0). What is the highest common divisor of y and 3175?
5
Let l(j) = j**2 + 5*j + 4. Let a be l(-5). Let i = -45529 + 45549. Calculate the highest common factor of i and a.
4
Suppose -22*s - 31*s - 8*s = -671. Calculate the greatest common divisor of 891 and s.
11
Let k be (2/17 - (-147)/51) + -22. Let i be (-5 + 0)/(k/418). What is the highest common divisor of 10 and i?
10
Suppose 5*d = -5*z + 30, 5*d = z - 835 + 877. Let f = 31 + 9. Calculate the greatest common factor of d and f.
8
Let k be 18 + (0 - -4 - 4). Suppose -3*b - 9 = 0, -b - 42 = -3*v + k. Calculate the highest common divisor of v and 152.
19
Let u = -1033 + 2929. Calculate the greatest common divisor of u and 1738.
158
Let f(m) = -m**3 + 143*m**2 - m + 224. Let a be f(143). Calculate the greatest common divisor of 13 and a.
1
Let y(d) = -3*d - d - 9*d + 3. Let g be y(2). Let s = -13 - g. Calculate the greatest common factor of s and 40.
10
Let d = -31542 + 32202. Calculate the greatest common factor of 7755 and d.
165
Let g(v) = 10*v + 127. Let h be g(-10). Let i = 107 - 80. What is the highest common divisor of i and h?
27
Let i(s) = -308*s + 702. Let v be i(0). What is the greatest common divisor of 270 and v?
54
Suppose -361 = -w - 4*w + 2*c, 2*w + 5*c = 127. Suppose 4*i = -20, -g + 5*i = 3*i - 791. Calculate the highest common divisor of g and w.
71
Let j(v) = 20*v + 290. Let g be j(-14). Let r(l) = l**3 - 7*l**2 - 19*l - 32. Let z be r(g). What is the highest common factor of z and 12?
6
Let a(v) = 2*v**2